805375?
7
What is the hundred thousands digit of 18597660?
5
What is the hundreds digit of 2690879040?
0
What is the ten millions digit of 566751990?
6
What is the thousands digit of 31560640?
0
What is the hundred millions digit of 480254010?
4
What is the hundred millions digit of 1514824093?
5
What is the millions digit of 1200317709?
0
What is the ten thousands digit of 147296085?
9
What is the millions digit of 929142168?
9
What is the ten millions digit of 189390947?
8
What is the hundred millions digit of 187679583?
1
What is the ten millions digit of 805602259?
0
What is the ten millions digit of 164767258?
6
What is the ten thousands digit of 120262526?
6
What is the ten millions digit of 58596603?
5
What is the tens digit of 3462523509?
0
What is the hundred thousands digit of 239780893?
7
What is the tens digit of 1922307796?
9
What is the units digit of 7718251?
1
What is the hundreds digit of 29763786?
7
What is the hundreds digit of 227099736?
7
What is the hundred millions digit of 130345961?
1
What is the millions digit of 67271461?
7
What is the ten thousands digit of 430605527?
0
What is the millions digit of 37318136?
7
What is the hundred thousands digit of 911671150?
6
What is the hundred millions digit of 126072540?
1
What is the units digit of 175520629?
9
What is the units digit of 600030687?
7
What is the thousands digit of 993553089?
3
What is the tens digit of 2870108823?
2
What is the hundreds digit of 32755776?
7
What is the hundreds digit of 48085038?
0
What is the hundreds digit of 2112495831?
8
What is the hundreds digit of 69964366?
3
What is the hundreds digit of 2256224898?
8
What is the tens digit of 145234665?
6
What is the hundred thousands digit of 235310734?
3
What is the thousands digit of 28927813?
7
What is the units digit of 211774539?
9
What is the units digit of 600376385?
5
What is the hundred thousands digit of 24688308?
6
What is the ten millions digit of 1538992873?
3
What is the tens digit of 30226948?
4
What is the thousands digit of 5269515?
9
What is the millions digit of 144246274?
4
What is the thousands digit of 34191777?
1
What is the millions digit of 3912595571?
2
What is the thousands digit of 308066412?
6
What is the hundreds digit of 47064838?
8
What is the ten thousands digit of 3789422657?
2
What is the ten thousands digit of 76947782?
4
What is the ten millions digit of 128800847?
2
What is the thousands digit of 859162566?
2
What is the hundreds digit of 4994330366?
3
What is the ten millions digit of 17807714?
1
What is the units digit of 755811774?
4
What is the millions digit of 101535108?
1
What is the hundreds digit of 68604120?
1
What is the millions digit of 11256949?
1
What is the thousands digit of 1039629485?
9
What is the units digit of 195036597?
7
What is the tens digit of 17983376?
7
What is the ten thousands digit of 1872243052?
4
What is the thousands digit of 277289493?
9
What is the ten thousands digit of 68669208?
6
What is the ten millions digit of 1484649299?
8
What is the ten millions digit of 176081781?
7
What is the millions digit of 2003045076?
3
What is the tens digit of 89755899?
9
What is the tens digit of 33391000?
0
What is the ten millions digit of 68089063?
6
What is the ten thousands digit of 50046658?
4
What is the thousands digit of 72282131?
2
What is the tens digit of 104831826?
2
What is the millions digit of 64210863?
4
What is the ten millions digit of 36332994?
3
What is the tens digit of 2643665070?
7
What is the hundreds digit of 8036419088?
0
What is the tens digit of 4133542567?
6
What is the millions digit of 895580501?
5
What is the tens digit of 168298504?
0
What is the thousands digit of 1380243865?
3
What is the hundreds digit of 420877602?
6
What is the hundreds digit of 799005510?
5
What is the hundred thousands digit of 3152663202?
6
What is the ten thousands digit of 2407022?
0
What is the tens digit of 680017310?
1
What is the hundred thousands digit of 77422447?
4
What is the tens digit of 242180294?
9
What is the hundred millions digit of 7484553606?
4
What is the millions digit of 1532591086?
2
What is the billions digit of 1472250233?
1
What is the ten thousands digit of 11441081?
4
What is the tens digit of 57358215?
1
What is the hundred millions digit of 334911821?
3
What is the hundreds digit of 390849085?
0
What is the thousands digit of 19429201?
9
What is the units digit of 354777750?
0
What is the hundred thousands digit of 22301685?
3
What is the hundreds digit of 81348462?
4
What is the hundred thousands digit of 5670569688?
5
What is the thousands digit of 11573917?
3
What is the hundred thousands digit of 246529712?
5
What is the ten thousands digit of 95221927?
2
What is the hundred thousands digit of 2694275878?
2
What is the thousands digit of 24464206?
4
What is the hundred thousands digit of 37716102?
7
What is the tens digit of 147955491?
9
What is the thousands digit of 87898031?
8
What is the millions digit of 3622819321?
2
What is the hundred thousands digit of 16647932?
6
What is the ten millions digit of 235132060?
3
What is the ten millions digit of 165565577?
6
What is the millions digit of 152675470?
2
What is the ten millions digit of 69499868?
6
What is the thousands digit of 16638188?
8
What is the thousands digit of 108881981?
1
What is the ten thousands digit of 1768948927?
4
What is the millions digit of 5150781971?
0
What is the millions digit of 68994014?
8
What is the hundred millions digit of 361343467?
3
What is the hundreds digit of 166403201?
2
What is the units digit of 2305068454?
4
What is the millions digit of 80252948?
0
What is the ten millions digit of 84917458?
8
What is the hundred thousands digit of 51527720?
5
What is the units digit of 3742795341?
1
What is the ten millions digit of 404480190?
0
What is the units digit of 1602482145?
5
What is the hundreds digit of 564031520?
5
What is the tens digit of 75829682?
8
What is the units digit of 194487817?
7
What is the millions digit of 67058436?
7
What is the ten thousands digit of 374911531?
1
What is the ten thousands digit of 996405106?
0
What is the thousands digit of 4516927789?
7
What is the thousands digit of 1585344360?
4
What is the hundred thousands digit of 201365158?
3
What is the ten millions digit of 3401991691?
0
What is the ten thousands digit of 1394375663?
7
What is the hundreds digit of 170917826?
8
What is the hundreds digit of 1749412144?
1
What is the millions digit of 174072746?
4
What is the billions digit of 3501055455?
3
What is the hundreds digit of 163019311?
3
What is the millions digit of 384201870?
4
What is the hundred thousands digit of 102973665?
9
What is the hundred millions digit of 497067803?
4
What is the hundreds digit of 1269451?
4
What is the hundreds digit of 4303035911?
9
What is the tens digit of 13771181?
8
What is the hundreds digit of 67692003?
0
What is the hundred thousands digit of 1044920296?
9
What is the tens digit of 63373796?
9
What is the hundred thousands digit of 361483583?
4
What is the billions digit of 1422937807?
1
What is the billions digit of 4095915121?
4
What is the units digit of 1945187396?
6
What is the hundred thousands digit of 149637572?
6
What is the ten millions digit of 15287923?
1
What is the hundred thousands digit of 103775813?
7
What is the ten thousands digit of 8370100?
7
What is the ten millions digit of 16190768?
1
What is the tens digit of 1443747723?
2
What is the units digit of 41816926?
6
What is the hundred millions digit of 233589150?
2
What is the millions digit of 2864815452?
4
What is the millions digit of 237424217?
7
What is the hundred thousands digit of 42703291?
7
What is the ten millions digit of 36571956?
3
What is the hundreds digit of 102679512?
5
What is the hundreds digit of 496377362?
3
What is the billions digit of 3479349533?
3
What is the hundreds digit of 2693564?
5
What is the ten millions digit of 733574569?
3
What is the hundred millions digit of 1596960856?
5
What is the units digit of 156374224?
4
What is the units digit of 84475244?
4
What is the hundred thousands digit of 457526617?
5
What is the thousands digit of 1032472767?
2
What is the hundreds digit of 5410328436?
4
What is the billions digit of 2